Let b be x(0). Let u = b + -1. What is the units digit of u?
3
Let m = -12 - -18. Let o = 30 + m. What is the tens digit of o?
3
Let u be (9/(-3))/(-3)*12. Suppose m - 5*m + u = 0. What is the units digit of (-2)/m*(-2 - 7)?
6
Let i = 2 + 1. Suppose -5 = 5*s, -30 = -2*x - s - i. What is the units digit of x?
4
Suppose 117 - 1104 = -3*w. What is the units digit of w?
9
Suppose 2*f + 87 - 29 = 4*p, -p + 15 = -f. Let o = p + -9. Suppose -4*n - 2*x = -38, 0 = 2*n - 2*x + o*x - 25. What is the units digit of n?
8
Let o be (3 - 51)*1/2. Let l be o/(-20)*(-10)/(-3). Suppose -4 = -l*g - 0. What is the units digit of g?
1
Let c be ((-4)/(-7))/(2/7). Suppose -v + 1 = -c, -3*w + 4*v + 3 = 0. Suppose 0 = -w*p + 52 + 8. What is the tens digit of p?
1
Suppose -j - 60 = 13. Let l = 107 + j. What is the units digit of l?
4
Let h be (-70)/(-1 + 1/(-1)). Suppose 0 = y - h - 0. What is the tens digit of y?
3
Suppose 29 - 1 = 4*b. What is the units digit of b?
7
What is the tens digit of -1 + 0 - (-113 + 6)?
0
Let i be (-2)/(-6)*3*1. What is the tens digit of (-96)/(-6) - i/(-1)?
1
Let c(r) = r + 1. Suppose -5*s + 16 = -2*s - p, -2*p - 4 = s. What is the units digit of c(s)?
5
Suppose -3*c + 3 = -0. Let l = 1 - c. Suppose l*y - 2*y + 2*r = -42, 2*y + 5*r - 28 = 0. What is the units digit of y?
9
Let a = 90 - 64. What is the tens digit of a?
2
Suppose -7 + 1 = -2*h. Let c(x) = 4*x - 2. What is the tens digit of c(h)?
1
Let r = 360 + -188. What is the tens digit of r?
7
Let n(b) = b**3 + b**2 - b - 4. Let f be n(0). Let o be (f + -2)*-4 - -2. Let i = 36 - o. What is the tens digit of i?
1
Let k(d) = 4*d**3 + 5*d**2 - 12*d + 2. Let a(f) = -9*f**3 - 9*f**2 + 25*f - 4. Let u(s) = 3*a(s) + 7*k(s). Let h be u(-9). What is the tens digit of 72/5 - h/5?
1
Let i be (27 - 2) + (-1 - 0). Suppose 31 = 4*n - f, 4*n + 5*f - 37 = i. What is the units digit of n?
9
Suppose 0 = 2*b + 36 - 134. What is the tens digit of b?
4
Let d(t) = -3*t - 3. Let w be d(-2). Let y = w + -1. Suppose -y*n = n - 27. What is the units digit of n?
9
Let n be 224/36 - 4/18. Suppose -o - n = -19. What is the units digit of o?
3
Let g(j) = 10*j**2 - 34*j - 2. Let a = 7 - 12. Let z(b) = -7*b**2 + 23*b + 1. Let p(q) = a*g(q) - 7*z(q). What is the units digit of p(9)?
3
Let p(c) = -c**3 + 3*c + 3. Suppose -q - 2*q = 6. Let n be p(q). What is the units digit of ((-2)/n)/((-1)/15)?
6
Suppose -103 = -3*t - f, t + 4*t - f = 177. What is the units digit of t?
5
Suppose -s + 74 = 3*j - 2*s, 0 = -5*j + 5*s + 130. What is the units digit of j?
4
Let b = 6 - 18. Let d = 31 + b. What is the tens digit of d?
1
Let h(y) = 17*y + 17. What is the hundreds digit of h(10)?
1
Let z = 25 + -10. What is the units digit of z?
5
Suppose -w + 346 = 5*q, -2*w = 5*q - 3*w - 344. What is the units digit of q?
9
Suppose 4*l + 0*l = 20. Let c(g) = 10 - 8 - g - l*g**2 + 6*g - g**3. What is the units digit of c(-6)?
8
Let q(a) = 2*a. Suppose 17 = 3*s + v, s - 5*v = -0*v - 21. Suppose 4*x - 2 = -m, -2*x + 12 = -s*m - m. What is the units digit of q(x)?
2
Let t(n) = -n + 1. Let h(i) = 4*i**3 - i + 1. Let s be h(1). Suppose -3 = -d + s*d. What is the units digit of t(d)?
2
Suppose -3*h + 4 = -2*h. What is the tens digit of (h/(-3))/((-4)/90)?
3
Let y = -21 - -74. What is the units digit of y?
3
Let g(o) = 2*o**3 - 6*o**2. Let c be g(4). Suppose 4*v - 3*b = -c, 29 = -3*v + 4*b - 2. What is the units digit of (-1)/(-2) + v/(-2)?
3
Suppose -5*v + 2 + 13 = 0. Suppose 5*j - v*n + 9 = 0, 0*j - 4*j + 6 = 2*n. What is the units digit of ((-21)/(-6) - j)*2?
7
Suppose 0 = 5*v - 87 - 43. Let p = -22 + 40. Let h = v - p. What is the units digit of h?
8
Let v(s) = 14*s + 2. Let r be 24/13 - (-14)/91. What is the tens digit of v(r)?
3
Let z(q) = q**3 - 5*q**2 + 2*q + 5. Let y = -1 - -2. Let o(u) = u**3 + u - 1. Let c(p) = y*z(p) - 2*o(p). What is the units digit of c(-5)?
7
Let a(s) = 9*s - 4. Let f be a(3). Let b = f + -39. What is the units digit of (-1)/4 - 164/b?
0
Let d = 8 + -13. Let u(z) = z + 7. Let k be u(d). Suppose -k*c = j - 16, -5*j + 3*c + 3 = -2*j. What is the units digit of j?
6
Let b(i) be the third derivative of 1/60*i**5 + 2*i**2 + 0*i + 1/6*i**3 + 1/24*i**4 + 0. What is the units digit of b(-3)?
7
Suppose 1 = x - 4*u + 15, -18 = -3*x - 3*u. Suppose -3*p = -x*c - 6*p - 5, -2*c + p + 7 = 0. What is the units digit of c?
2
Let q = -3 + 3. Let s = 2 + q. Suppose s*c - 3*c = -13. What is the units digit of c?
3
Let d(n) = n**3 + 8*n**2 + 2. Let u be d(-7). Let w = u - 101. What is the units digit of 9/12 + w/(-8)?
7
Let l(v) = -v - 7. Let r be l(-6). What is the tens digit of ((-21 - -2) + 2)/r?
1
Let h(w) = w**3 + 3*w**2 + w - 7. Let n(x) = 2*x - 4*x - x**3 - 6*x**2 + 2*x**2 + 7. Let o(l) = -5*h(l) - 6*n(l). What is the units digit of o(-8)?
1
Suppose -4*w = -3*g - 11 + 3, 0 = g + 5*w - 10. Suppose k = -g*k - 10. Let j = k + 19. What is the units digit of j?
9
Let a(u) = 24*u**2 + 2*u + 3. What is the tens digit of a(-2)?
9
Let k = 201 - 61. What is the hundreds digit of k?
1
Let n(p) = -p + 2. Let f(y) = -y**3 + 7*y**2 + 8*y + 9. Let q be f(8). Let l be n(q). What is the units digit of 270/35 - 2/l?
8
Let n be 8/3 - 2/(-6). Let m = n - 3. Let f = 1 + m. What is the units digit of f?
1
Let n be ((-24)/30)/(2/(-5)). Suppose n*x = 4*k - 128, -2*k + x - 2*x + 60 = 0. What is the units digit of k?
1
Suppose 0 = w + 5*c + 11 + 3, -w + 4*c = -4. Let h be w - -9 - (0 - -3). Suppose -p + 2 = -r - 7, h*p - 19 = r. What is the tens digit of p?
1
Suppose 5*v - 12 = 2*v. Suppose -99 = c - v*c. What is the tens digit of c?
3
Let n(z) = z**3 + 4*z**2 - z - 4. Let w be ((-6)/(-4))/(3/6). Suppose c - w*c = 6. What is the units digit of n(c)?
8
Let d(s) = s - 1. Let o(l) = -l - 1. Let r be o(-2). Let h(x) = 7*x**3 - x**2 - x + 1. Let q be h(r). What is the units digit of d(q)?
5
Suppose 0 = -5*d - 5*q + 275, -2*d + 3*q - 45 = -3*d. What is the units digit of d?
0
Suppose 5*w = 15 - 10. What is the units digit of w?
1
Let c(p) = -p**3 + p + 28. Let v be c(0). Let z = -12 - -32. Let n = v - z. What is the units digit of n?
8
Let w be 38/9 - 4/18. Suppose -3*l + 26 = w*k + 7, 0 = -3*k + 5*l + 7. Suppose 5*q = b + 16, -5*b - k = q - 2. What is the units digit of q?
3
Let k be 3/(-9) + (-26)/(-6). Suppose 0*z - 4*d + 36 = 2*z, 0 = -4*z - k*d + 92. What is the tens digit of z?
2
Let z = -120 - -316. What is the units digit of z?
6
Let z(n) be the third derivative of -2*n**2 + 0 + 0*n**5 + 1/6*n**3 + 0*n**4 + 0*n + 1/120*n**6. What is the units digit of z(1)?
2
Let p = 0 + 2. Let t(l) = 3*l + 1. What is the units digit of t(p)?
7
Let y(h) = h**2 - 5*h - 6. Let x(n) = 7*n**2 - 2*n + 1. Let a be x(1). Let f be y(a). Suppose 2*u - u - 15 = f. What is the units digit of u?
5
Suppose j = -11 + 17. What is the units digit of j?
6
Let a(f) be the third derivative of 0 + 2*f**2 + 1/120*f**6 - 1/6*f**3 + 0*f - 1/8*f**4 - 1/20*f**5. What is the units digit of a(4)?
3
What is the units digit of (36/20)/(6/50)?
5
Suppose 2*f + n = -48, 31 = -2*f + n - 9. Let z = -16 - f. What is the tens digit of z/12 + (-50)/(-4)?
1
What is the tens digit of -3 - -6 - 60/(-3)?
2
Suppose y + 2 = 7. Suppose -j + 2*n + 26 = 0, -2*j - n = -61 - 16. Suppose -s - j = -y*s. What is the units digit of s?
9
Suppose 4*g + 4*c = c + 50, g + 2*c - 10 = 0. Let m = g + -2. What is the tens digit of m?
1
Let d = -5 - -8. Let n = 25 - 21. Suppose -10 - 4 = -2*v + u, 0 = -n*v + d*u + 28. What is the units digit of v?
7
Let l be (9/(-12))/((-4)/16). Let f(i) = 14*i - 5. What is the units digit of f(l)?
7
Let u = 7 - 0. Let m = -5 + u. Suppose -44 = -5*i + i + 2*n, m*n - 44 = -4*i. What is the tens digit of i?
1
Let k = -16 - -24. What is the units digit of k?
8
Let x be ((3/1)/1)/1. Suppose x*p + 0*p = 39. What is the tens digit of p?
1
What is the hundreds digit of 3*(440/15 + 4)?
1
Let s = 7 - -7. What is the units digit of s?
4
Suppose 5*b - 7*b = 48. Let v = 56 + b. What is the tens digit of v?
3
Let m(x) be the first derivative of x**3/3 + 5*x**2/2 + 6*x - 5. What is the units digit of m(-4)?
2
Let c(o) = -34*o - 4. What is the units digit of c(-2)?
4
Let m = -10 - -6. Let n(f) = -f - 4. Let x be n(m). Suppose x = -5*v + 58 + 22. What is the tens digit of v?
1
Suppose 0 = j - 57 - 11. What is t